{"id":148,"date":"2021-07-12T09:27:03","date_gmt":"2021-07-12T07:27:03","guid":{"rendered":"https:\/\/amf-paris.asso.fr\/?page_id=148"},"modified":"2022-07-06T13:57:46","modified_gmt":"2022-07-06T11:57:46","slug":"gouvernance-de-la-fondation","status":"publish","type":"page","link":"https:\/\/amf-paris.asso.fr\/index.php\/gouvernance-de-la-fondation\/","title":{"rendered":"Gouvernance de la Fondation"},"content":{"rendered":"<!--themify_builder_content-->\n<div id=\"themify_builder_content-148\" data-postid=\"148\" class=\"themify_builder_content themify_builder_content-148 themify_builder tf_clear\">\n    <\/div>\n<!--\/themify_builder_content-->\n\n\n<p class=\"has-text-align-justify\">La Fondation est administr\u00e9e par un conseil d\u2019administration de douze (12) membres compos\u00e9 de trois&nbsp;coll\u00e8ges :<\/p>\n\n\n\n<ul class=\"wp-block-list\"><li>un coll\u00e8ge de quatre fondateurs nomm\u00e9s par l\u2019association pour l\u2019Aide aux M\u00e8res de Famille;<\/li><li>un coll\u00e8ge de quatre personnalit\u00e9s qualifi\u00e9es ;<\/li><li>un coll\u00e8ge de quatre partenaires institutionnels ;<\/li><\/ul>\n\n\n\n<p>Pr\u00e9sidente&nbsp;: Madame Lecomte-Andrieu Marie Jeanne&nbsp;<\/p>\n\n\n\n<p>Vice Pr\u00e9sidente&nbsp;: Daria Michot Prud\u2019homme&nbsp;<\/p>\n\n\n\n<p>Directeur G\u00e9n\u00e9ral&nbsp;: Laurent Henl\u00e9&nbsp;<\/p>","protected":false},"excerpt":{"rendered":"<p>La Fondation est administr\u00e9e par un conseil d\u2019administration de douze (12) membres compos\u00e9 de trois&nbsp;coll\u00e8ges : un coll\u00e8ge de quatre fondateurs nomm\u00e9s par l\u2019association pour l\u2019Aide aux M\u00e8res de Famille; un coll\u00e8ge de quatre personnalit\u00e9s qualifi\u00e9es ; un coll\u00e8ge de quatre partenaires institutionnels ; Pr\u00e9sidente&nbsp;: Madame Lecomte-Andrieu Marie Jeanne&nbsp; Vice Pr\u00e9sidente&nbsp;: Daria Michot Prud\u2019homme&nbsp; Directeur G\u00e9n\u00e9ral&nbsp;: Laurent Henl\u00e9&nbsp;<\/p>\n","protected":false},"author":1,"featured_media":0,"parent":0,"menu_order":0,"comment_status":"closed","ping_status":"closed","template":"","meta":{"footnotes":""},"class_list":["post-148","page","type-page","status-publish","hentry"],"builder_content":"","_links":{"self":[{"href":"https:\/\/amf-paris.asso.fr\/index.php\/wp-json\/wp\/v2\/pages\/148","targetHints":{"allow":["GET"]}}],"collection":[{"href":"https:\/\/amf-paris.asso.fr\/index.php\/wp-json\/wp\/v2\/pages"}],"about":[{"href":"https:\/\/amf-paris.asso.fr\/index.php\/wp-json\/wp\/v2\/types\/page"}],"author":[{"embeddable":true,"href":"https:\/\/amf-paris.asso.fr\/index.php\/wp-json\/wp\/v2\/users\/1"}],"replies":[{"embeddable":true,"href":"https:\/\/amf-paris.asso.fr\/index.php\/wp-json\/wp\/v2\/comments?post=148"}],"version-history":[{"count":4,"href":"https:\/\/amf-paris.asso.fr\/index.php\/wp-json\/wp\/v2\/pages\/148\/revisions"}],"predecessor-version":[{"id":350,"href":"https:\/\/amf-paris.asso.fr\/index.php\/wp-json\/wp\/v2\/pages\/148\/revisions\/350"}],"wp:attachment":[{"href":"https:\/\/amf-paris.asso.fr\/index.php\/wp-json\/wp\/v2\/media?parent=148"}],"curies":[{"name":"wp","href":"https:\/\/api.w.org\/{rel}","templated":true}]}}